test common factor of 540 and j?
54
Let z(j) = j**3 + 6*j**2 - 2*j - 4. Suppose 4*h - 5 - 3 = -5*x, 0 = -3*x. Let v be z(h). Suppose -90 = -3*m - 18. What is the highest common divisor of m and v?
24
Let n = -62 + 109. Let z = -61 - -625. Calculate the greatest common divisor of n and z.
47
Let p be 416/(-1352) + 476/26. What is the greatest common divisor of 26262 and p?
18
Let y(j) = -29*j**3 - j**2 + j - 1. Let k be y(2). Let n = 2925 + k. Let q be 3 + (-60)/21 - n/(-35). What is the greatest common divisor of 11 and q?
11
Suppose -288 - 592 = -11*g. Suppose k - 100 = 3*s, -6*s = -k - 8*s + g. Calculate the greatest common factor of 16 and k.
8
Let a = -683 + 759. Suppose -988 = -19*x - a. Calculate the greatest common factor of x and 6.
6
Let u = -51 + 47. Let v = u + -119. Let s = v - -368. What is the highest common factor of 35 and s?
35
Let l(r) = -r**2 - 8*r + 9. Let x be l(-9). Suppose 3*s - 3*s - 3*s = x. Suppose s = 2*t - 6*t + 32. What is the highest common divisor of 32 and t?
8
Let v = -149 - -153. Suppose -v*h = -2*a + 36, -a + 25 = -0*a + 5*h. Calculate the highest common divisor of a and 180.
20
Let w(t) = 13*t**3 + 2*t**2 + 2*t + 1. Let o be w(-1). Let l be (0 + 10/(-8))*o. Let v be ((-36)/l)/(4/(-10)). What is the greatest common factor of v and 8?
2
Let c be (-18)/21*168/36 - (0 - 15). Let r = -187 + 278. Let t = 168 - r. Calculate the greatest common divisor of t and c.
11
Suppose 33*j + 5542 = 196*j. Calculate the highest common factor of j and 374.
34
Let t = 20609 + -20407. Calculate the highest common divisor of t and 33734.
202
Let y(w) = -w**3 + 14*w**2 - 26*w - 3. Let u be y(12). Let g = 29 - u. What is the greatest common divisor of g and 868?
28
Let z be (-178)/(-2581) + (-1796)/(-29). Calculate the highest common factor of 6 and z.
2
Suppose 441952 = -130*m + 540*m + 82792. Calculate the greatest common factor of 84 and m.
12
Let r be 756/81*(2462/56 - 24/96). What is the greatest common divisor of r and 584?
8
Suppose -37*g + 5896 = -26*g. Suppose -w + g = -2*u, -w - 2132 = -5*w + 2*u. Calculate the greatest common factor of w and 76.
76
Let c be 14/(-28) - 207/2. Let b = c - -103. Let l be -25 - -22 - 9*b. Calculate the greatest common divisor of 6 and l.
6
Let r(j) = 5*j**2 - 38*j - 244. Let u be r(-6). Calculate the highest common factor of u and 1148.
164
Let f = 9069 - 9041. Calculate the greatest common factor of 3437 and f.
7
Suppose x + 4*b - 13 = 11, 41 = 4*x + 5*b. Let t be 14124/(-30) + (-8)/(-10). Let d be 1/x - t/40. Calculate the highest common factor of d and 8.
4
Let r = -12628 - -14864. What is the greatest common divisor of 260 and r?
52
Suppose d - 812 = 497. Suppose 16*s - d = 563. Suppose -3*n + 52 = n. Calculate the greatest common factor of s and n.
13
Suppose 0*b + b = -s + 14, -b + 2 = 0. Suppose -6 = -6*j + s. Suppose 0*w - 5*c - 71 = -2*w, j*w - 89 = 4*c. Calculate the greatest common factor of 253 and w.
23
Let s be (35170/6 - -1) + (-280)/(-120). Calculate the highest common divisor of s and 1785.
255
Suppose 3*k - 2*d + 496 = 4*k, 5*k - 5*d - 2465 = 0. What is the greatest common factor of k and 364?
26
Suppose -164 = d + 4*z, 0*z - 173 = d + z. Let v be (d/33)/((-6)/9). Calculate the highest common factor of 32 and v.
8
Let b(c) = -c**2 + 54*c - 390. Let u be b(46). Let o(v) = -35*v - 41. Let g be o(u). What is the greatest common factor of g and 9?
9
Suppose 5*g - 2*u + 6*u = 1562, 4*u = -2*g + 632. Calculate the greatest common factor of g and 490.
10
Suppose -10*d = 2*w - 9*d + 2161, 5400 = -5*w - 3*d. Let c = -499 - w. What is the highest common divisor of c and 8?
8
Suppose -5*g = 2*y - 865, -2173 = -10*y + 5*y - 2*g. Let s = y - 411. Calculate the greatest common divisor of 15 and s.
3
Let f be -4 - ((-29 - 3) + 1). Let v be 6/f - (-156)/27. Suppose 24 = -5*g + 6*g. Calculate the highest common divisor of v and g.
6
Suppose 0 = -7*p + 2*p. Suppose 107*q - 21797 = -200*q. Suppose 5*u - 49 - q = p. Calculate the greatest common divisor of 6 and u.
6
Let l = -569 + 726. Suppose -w - l + 232 = 0. What is the highest common factor of w and 75?
75
Let g(f) = -12*f - 155. Let b be g(20). Let j be b/25*(-130)/13. What is the highest common divisor of j and 79?
79
Let i = -363 + 633. Suppose -5*d + 4*g + 380 + 144 = 0, 5*d + g - 544 = 0. What is the highest common divisor of d and i?
54
Let w(f) = 4*f**2 - f + 2. Suppose 0*i = -6*i. Let u be w(i). Suppose -u*j - j + 15 = 0. Calculate the greatest common divisor of 25 and j.
5
Suppose 3*y + 10 = 253. Suppose -17*l - 34*l = 16*l - 10854. Calculate the greatest common divisor of y and l.
81
Let s = 388 - 316. Let z be s/(-9) - 0 - -635. What is the highest common divisor of z and 33?
33
Let d be (380/(-1))/(-4)*(-103)/(-103). Suppose 36 = t - 2. Calculate the greatest common divisor of t and d.
19
Suppose -5*d = 2*f - 3*d - 36, 26 = f + 5*d. Let j(o) = 1620*o - 11338. Let v be j(7). Calculate the greatest common factor of v and f.
2
Let u = 472 - 468. Suppose 12 = 4*c, -2*c = -u*z + 9 + 21. Calculate the greatest common factor of z and 828.
9
Suppose -58*c = -32*c - 1274. Suppose 0 = 4*l - 10 - 2. Suppose -l*p = -c + 4. Calculate the greatest common divisor of 105 and p.
15
Let g(m) = -2*m**3 - 44*m**2 + 37*m + 1. Let f be g(-23). Calculate the greatest common factor of f and 247.
13
Let i(b) = b + 44. Let o be i(-26). Let d(m) = -5*m - 53. Let s be d(-34). Calculate the highest common factor of o and s.
9
Let d = 6 + -4. Suppose 39*r - 43*r = 45*r - 343. What is the highest common factor of d and r?
1
Suppose 0 = -8*w + 31*w - 115. Suppose 0 = 4*o + w*p - 407, p - 5 = -2. Let m be (63/12)/((-6)/(-16)). What is the highest common divisor of m and o?
14
Let b(w) = -w**2 - 26*w - 71. Let q be b(-20). What is the highest common divisor of q and 630?
7
Let q(o) = 9*o**3 - 2*o**2 + o + 1. Let j be q(2). Suppose 216*m - 114173 = -18771 + 92734. What is the greatest common divisor of j and m?
67
Suppose -3*d = 4*y - 171, 0 = 89*y - 86*y + 5*d - 131. Calculate the greatest common divisor of 182 and y.
14
Suppose 5*a = 5 - 0, 4*a + 251 = 5*p. Suppose -68*v + 612 = -65*v. What is the highest common factor of p and v?
51
Let w = 6754 + -3844. Calculate the highest common divisor of w and 10.
10
Suppose -3*z = 2*x - 804, 16 = x + 10. Calculate the highest common factor of z and 627.
33
Suppose 0 = 15*l + 2*l + 68. Let s be (-6 - -4)*8/l. Let z = -4 + 7. Calculate the highest common factor of z and s.
1
Suppose -4*b - 9*v + 67 = 0, -16*b + 19*b - 39 = -3*v. Calculate the greatest common factor of b and 1360.
10
Let w be (3*(-24)/9)/(4/(-18)). Calculate the greatest common factor of w and 15516.
36
Let o(h) = 9*h + 22. Let l(t) = -t**2 + 9*t - 11. Let c be l(4). Suppose c*p - 120 = -30. Let n be o(p). What is the highest common factor of 16 and n?
16
Let k = 34 + -20. Suppose -5*n + 12 = -4*p, 2*p + 2*p = -n + 12. Suppose 2*q + 324 = 3*c - p*q, -q = -3*c + 333. What is the highest common divisor of c and k?
14
Suppose -t + 0*t + 14 = 0. Let k be 3*1 + (-65)/(-13). Suppose -10*s + 3*m + 463 = -k*s, -2*s - m = -443. What is the greatest common divisor of t and s?
14
Suppose -2*x - t + 7 = 0, -x + 7*t = 3*t + 10. Suppose -x*n = -n - 3. Let v = n + 19. What is the highest common factor of 55 and v?
11
Suppose 0 = -58*w + 61*w + 33. Let o = w - -71. Calculate the greatest common divisor of 9 and o.
3
Suppose -5*v + 3*v - 13 = -3*v. Calculate the highest common divisor of v and 2925.
13
Let l(j) = -j**3 + 35*j**2 - 8*j + 337. Let y be l(35). Calculate the highest common factor of 912 and y.
57
Let a be 5 + (-930)/(-54) + (56/36)/(-7). Calculate the greatest common factor of a and 8338.
22
Suppose -20*i + 20 + 0 = 0. Let w be -50*((-169)/(-65) + i + -4). What is the highest common divisor of 60 and w?
20
Let j(p) = 6*p**2 - p - 6. Let a be j(2). Suppose 19*s = a*s + 1785. Calculate the highest common divisor of 35 and s.
35
Let m(d) = 2*d**2 + 34*d - 323. Let c be m(8). What is the greatest common divisor of c and 217?
7
Let o(h) = -h**2 - 9*h + 58. Let z be o(-13). Suppose -125*b + 119*b + z = 0. Calculate the highest common factor of b and 3.
1
Let f(o) = o**3 + 4*o**2 - 17*o - 9. Let v be f(3). Calculate the highest common factor of 134 and v.
1
Let